{"id":12068,"date":"2016-10-27T18:05:15","date_gmt":"2016-10-27T15:05:15","guid":{"rendered":"http:\/\/www.powerbeg.com.tr\/?page_id=12068"},"modified":"2016-10-27T18:07:31","modified_gmt":"2016-10-27T15:07:31","slug":"guven-esasi","status":"publish","type":"page","link":"https:\/\/www.powerbeg.com.tr\/?page_id=12068","title":{"rendered":"G\u00fcven Esas\u0131"},"content":{"rendered":"<p>[vc_row][vc_column][vc_column_text]Powerbeg \u00c7elebi Grup i\u015ftirakidir. Powerbeg markas\u0131 yarat\u0131lmadan \u00f6nce markam\u0131z \u00e7e\u015fitli Arge s\u00fcre\u00e7lerinden ge\u00e7erek sizlerin begenisine sunulmu\u015ftur. Powerbeg markas\u0131 ad\u0131 alt\u0131nda sat\u0131lan t\u00fcm \u00fcr\u00fcnler hi\u00e7bir \u015fekilde hayvanlar \u00fczerinde test edilmemi\u015ftir. Powerbeg markas\u0131 piyasaya \u00e7\u0131kt\u0131\u011f\u0131 andan itibaren k\u0131sa s\u00fcrede sizlerden tam not al\u0131p \u00e7o\u011fu bayimizin raflar\u0131nda yerini almaktad\u0131r. Powerbeg markas\u0131n\u0131 yarat\u0131rken %100 G\u00fcven Esas\u0131n\u0131 baz al\u0131narak sizlerin kullan\u0131m\u0131na sunulmu\u015ftur.[\/vc_column_text][\/vc_column][\/vc_row]<\/p>\n","protected":false},"excerpt":{"rendered":"<p>[vc_row][vc_column][vc_column_text]Powerbeg \u00c7elebi Grup i\u015ftirakidir. Powerbeg markas\u0131 yarat\u0131lmadan \u00f6nce markam\u0131z \u00e7e\u015fitli Arge s\u00fcre\u00e7lerinden ge\u00e7erek sizlerin begenisine sunulmu\u015ftur. Powerbeg markas\u0131 ad\u0131 alt\u0131nda&#8230;<\/p>\n","protected":false},"author":1,"featured_media":0,"parent":0,"menu_order":0,"comment_status":"closed","ping_status":"closed","template":"","meta":{"bwfblock_default_font":"","footnotes":""},"class_list":["post-12068","page","type-page","status-publish","hentry"],"aioseo_notices":[],"_links":{"self":[{"href":"https:\/\/www.powerbeg.com.tr\/index.php?rest_route=\/wp\/v2\/pages\/12068","targetHints":{"allow":["GET"]}}],"collection":[{"href":"https:\/\/www.powerbeg.com.tr\/index.php?rest_route=\/wp\/v2\/pages"}],"about":[{"href":"https:\/\/www.powerbeg.com.tr\/index.php?rest_route=\/wp\/v2\/types\/page"}],"author":[{"embeddable":true,"href":"https:\/\/www.powerbeg.com.tr\/index.php?rest_route=\/wp\/v2\/users\/1"}],"replies":[{"embeddable":true,"href":"https:\/\/www.powerbeg.com.tr\/index.php?rest_route=%2Fwp%2Fv2%2Fcomments&post=12068"}],"version-history":[{"count":3,"href":"https:\/\/www.powerbeg.com.tr\/index.php?rest_route=\/wp\/v2\/pages\/12068\/revisions"}],"predecessor-version":[{"id":12071,"href":"https:\/\/www.powerbeg.com.tr\/index.php?rest_route=\/wp\/v2\/pages\/12068\/revisions\/12071"}],"wp:attachment":[{"href":"https:\/\/www.powerbeg.com.tr\/index.php?rest_route=%2Fwp%2Fv2%2Fmedia&parent=12068"}],"curies":[{"name":"wp","href":"https:\/\/api.w.org\/{rel}","templated":true}]}}