{"id":12434,"date":"2018-04-07T22:36:25","date_gmt":"2018-04-07T19:36:25","guid":{"rendered":"http:\/\/www.powerbeg.com.tr\/?page_id=12434"},"modified":"2018-04-07T22:40:48","modified_gmt":"2018-04-07T19:40:48","slug":"6698-sayili-kisisel-verilerin-korunmasi-kanunu","status":"publish","type":"page","link":"https:\/\/www.powerbeg.com.tr\/?page_id=12434","title":{"rendered":"6698 SAYILI K\u0130\u015e\u0130SEL VER\u0130LER\u0130N KORUNMASI KANUNU"},"content":{"rendered":"<p>[vc_row][vc_column][vc_column_text]<\/p>\n<p style=\"font-weight: 400;\">6698 Say\u0131l\u0131 Ki\u015fisel Verilerin Korunmas\u0131 Kanunu<\/p>\n<h3>Ki\u015fisel verileriniz koruma alt\u0131nda<\/h3>\n<p style=\"font-weight: 400;\">\u00c7elebi Grup \u00a0olarak, m\u00fc\u015fterilerimizin \u00f6zel hayatlar\u0131n\u0131n gizlili\u011fine sayg\u0131 duyuyor ve \u00f6nem veriyoruz. Bu nedenle m\u00fc\u015fterilerimizin ki\u015fisel verilerinin kullan\u0131lmas\u0131nda, m\u00fc\u015fterilerimizin temel hak ve \u00f6zg\u00fcrl\u00fcklerini korumak amac\u0131yla y\u00fcr\u00fcrl\u00fckte olan Ki\u015fisel Verilerin Korunmas\u0131 Kanunu* hakk\u0131nda bilgi vermek istiyoruz.<\/p>\n<p style=\"font-weight: 400;\"><strong>Biz bu verileri;<\/strong><\/p>\n<ul style=\"font-weight: 400;\">\n<li>\u2022 Her zaman g\u00fcvenle sakl\u0131yor,<\/li>\n<li>\u2022 5809 say\u0131l\u0131 Elektronik Haberle\u015fme Kanunu ve ilgili sair mevzuat kapsam\u0131nda sunulmakta olan \u00fcr\u00fcn ve hizmetlerde,<\/li>\n<li>\u2022 \u0130lgili mevzuattan kaynaklanan saklama, bilgilendirme, raporlama ve ilgili di\u011fer y\u00fck\u00fcml\u00fcl\u00fcklerin yerine getirilmesinde,<\/li>\n<li>\u2022 Bilgi Teknolojileri ve \u0130leti\u015fim Kurumu ve di\u011fer ilgili g\u00f6revli\/yetkili mercilerin bilgi ve belge taleplerinin kar\u015f\u0131lanmas\u0131nda,<\/li>\n<li>\u2022 \u015eirketimizin di\u011fer \u00fcr\u00fcn \/ hizmetlerini sunulabilmesi i\u00e7in,<\/li>\n<li>\u2022 Akdedilen hizmet s\u00f6zle\u015fmesinin gere\u011finin yerine getirilmesinde kullan\u0131yor,<\/li>\n<li>\u2022 Kanunun izin verdi\u011fi kurulu\u015flar d\u0131\u015f\u0131nda kimseyle payla\u015fm\u0131yoruz.<\/li>\n<\/ul>\n<p style=\"font-weight: 400;\"><strong>Diledi\u011finiz zaman bize ba\u015fvurarak;<\/strong><\/p>\n<ul style=\"font-weight: 400;\">\n<li>\u2022 Ki\u015fisel verilerinizin kullan\u0131lma amac\u0131n\u0131,<\/li>\n<li>\u2022 Hangi kurulu\u015flarla ve ne ama\u00e7la payla\u015f\u0131ld\u0131\u011f\u0131n\u0131 \u00f6\u011frenebilirsiniz.<\/li>\n<li>\u2022 Eksik ya da hatal\u0131 kaydedilen ya da kullan\u0131lan bilgilerinizin d\u00fczeltilmesini,<\/li>\n<li>\u2022 Kanunda \u00f6ng\u00f6r\u00fclen \u015fartlar sa\u011flanm\u0131\u015fsa bilgilerinizin silinmesini ya da yok edilmesini,<\/li>\n<li>\u2022 Bilgilerinizin kanuna ayk\u0131r\u0131 olarak kaydedildi\u011fini veya kullan\u0131ld\u0131\u011f\u0131n\u0131 d\u00fc\u015f\u00fcn\u00fcyorsan\u0131z ve bu sebeple zarara u\u011fram\u0131\u015fsan\u0131z zarar\u0131n giderilmesini<\/li>\n<\/ul>\n<p style=\"font-weight: 400;\">isteyebilirsiniz.<\/p>\n<p style=\"font-weight: 400;\">Kanun kapsam\u0131ndaki haklar\u0131n\u0131zdan yararlanmak i\u00e7in ba\u015fvurular\u0131n\u0131z\u0131 yaz\u0131l\u0131 olarak kimlik fotokopinizle birlikte\u00a0+90 216 606 31 81&#8217;nolu faks numaras\u0131na ya da info@powerbeg.com.tr adresine g\u00f6nderebilirsiniz, detayl\u0131 bilgi almak i\u00e7in TBMM\u2019nin resmi internet sitesinden kanunu inceleyebilirsiniz.<\/p>\n<p style=\"font-weight: 400;\"><strong>\u0130yi g\u00fcnler dileriz.<\/strong><\/p>\n<p style=\"font-weight: 400;\">*6698 say\u0131l\u0131 Ki\u015fisel Verilerin Korunmas\u0131 Kanunu (&#8220;KVKK&#8221;)<\/p>\n<p>[\/vc_column_text][\/vc_column][\/vc_row]<\/p>\n","protected":false},"excerpt":{"rendered":"<p>[vc_row][vc_column][vc_column_text] 6698 Say\u0131l\u0131 Ki\u015fisel Verilerin Korunmas\u0131 Kanunu Ki\u015fisel verileriniz koruma alt\u0131nda \u00c7elebi Grup \u00a0olarak, m\u00fc\u015fterilerimizin \u00f6zel hayatlar\u0131n\u0131n gizlili\u011fine sayg\u0131 duyuyor&#8230;<\/p>\n","protected":false},"author":1,"featured_media":0,"parent":0,"menu_order":0,"comment_status":"closed","ping_status":"closed","template":"","meta":{"bwfblock_default_font":"","footnotes":""},"class_list":["post-12434","page","type-page","status-publish","hentry"],"aioseo_notices":[],"_links":{"self":[{"href":"https:\/\/www.powerbeg.com.tr\/index.php?rest_route=\/wp\/v2\/pages\/12434","targetHints":{"allow":["GET"]}}],"collection":[{"href":"https:\/\/www.powerbeg.com.tr\/index.php?rest_route=\/wp\/v2\/pages"}],"about":[{"href":"https:\/\/www.powerbeg.com.tr\/index.php?rest_route=\/wp\/v2\/types\/page"}],"author":[{"embeddable":true,"href":"https:\/\/www.powerbeg.com.tr\/index.php?rest_route=\/wp\/v2\/users\/1"}],"replies":[{"embeddable":true,"href":"https:\/\/www.powerbeg.com.tr\/index.php?rest_route=%2Fwp%2Fv2%2Fcomments&post=12434"}],"version-history":[{"count":2,"href":"https:\/\/www.powerbeg.com.tr\/index.php?rest_route=\/wp\/v2\/pages\/12434\/revisions"}],"predecessor-version":[{"id":12437,"href":"https:\/\/www.powerbeg.com.tr\/index.php?rest_route=\/wp\/v2\/pages\/12434\/revisions\/12437"}],"wp:attachment":[{"href":"https:\/\/www.powerbeg.com.tr\/index.php?rest_route=%2Fwp%2Fv2%2Fmedia&parent=12434"}],"curies":[{"name":"wp","href":"https:\/\/api.w.org\/{rel}","templated":true}]}}